{"id":4447,"date":"2026-01-14T11:51:31","date_gmt":"2026-01-14T10:51:31","guid":{"rendered":"https:\/\/www.rover-instruments.de\/?page_id=4447"},"modified":"2026-01-14T11:55:36","modified_gmt":"2026-01-14T10:55:36","slug":"technische-daten-exa-9","status":"publish","type":"page","link":"https:\/\/www.rover-instruments.de\/index.php\/technische-daten-exa-9\/","title":{"rendered":"Technische Daten EXA 9"},"content":{"rendered":"\t\t<div data-elementor-type=\"wp-page\" data-elementor-id=\"4447\" class=\"elementor elementor-4447\" data-elementor-post-type=\"page\">\n\t\t\t\t\t\t<section class=\"elementor-section elementor-top-section elementor-element elementor-element-cb315d0 elementor-section-boxed elementor-section-height-default elementor-section-height-default wpr-particle-no wpr-jarallax-no wpr-parallax-no wpr-sticky-section-no\" data-id=\"cb315d0\" data-element_type=\"section\" data-e-type=\"section\">\n\t\t\t\t\t\t<div class=\"elementor-container elementor-column-gap-default\">\n\t\t\t\t\t<div class=\"elementor-column elementor-col-100 elementor-top-column elementor-element elementor-element-31ddd37\" data-id=\"31ddd37\" data-element_type=\"column\" data-e-type=\"column\">\n\t\t\t<div class=\"elementor-widget-wrap elementor-element-populated\">\n\t\t\t\t\t\t<div class=\"elementor-element elementor-element-4648bd7 elementor-widget elementor-widget-heading\" data-id=\"4648bd7\" data-element_type=\"widget\" data-e-type=\"widget\" data-widget_type=\"heading.default\">\n\t\t\t\t<div class=\"elementor-widget-container\">\n\t\t\t\t\t<h2 class=\"elementor-heading-title elementor-size-default\">Technische Daten EXA 9<\/h2>\t\t\t\t<\/div>\n\t\t\t\t<\/div>\n\t\t\t\t\t<\/div>\n\t\t<\/div>\n\t\t\t\t\t<\/div>\n\t\t<\/section>\n\t\t\t\t<section class=\"elementor-section elementor-top-section elementor-element elementor-element-7f5018e elementor-section-boxed elementor-section-height-default elementor-section-height-default wpr-particle-no wpr-jarallax-no wpr-parallax-no wpr-sticky-section-no\" data-id=\"7f5018e\" data-element_type=\"section\" data-e-type=\"section\">\n\t\t\t\t\t\t<div class=\"elementor-container elementor-column-gap-default\">\n\t\t\t\t\t<div class=\"elementor-column elementor-col-100 elementor-top-column elementor-element elementor-element-68fb4dd\" data-id=\"68fb4dd\" data-element_type=\"column\" data-e-type=\"column\">\n\t\t\t<div class=\"elementor-widget-wrap elementor-element-populated\">\n\t\t\t\t\t\t<div class=\"elementor-element elementor-element-5bc9dc9 elementor-widget elementor-widget-text-editor\" data-id=\"5bc9dc9\" data-element_type=\"widget\" data-e-type=\"widget\" data-widget_type=\"text-editor.default\">\n\t\t\t\t<div class=\"elementor-widget-container\">\n\t\t\t\t\t\t\t\t\t<p><strong>EXA 9<\/strong><\/p>\n<p><strong>BESONDERE FUNKTIONEN<\/strong><\/p>\n<p>&#8211; PC-basierte Schnellnavigation<\/p>\n<p>&#8211; NEU Intuitives Navigationssystem mit direktem Zugriff auf die Funktionen<\/p>\n<p>&#8211; Exklusives, patentiertes ROVER AUTODISCOVERY System: automatische Erkennung und Auswahl von analogen und digitalen COFDM\/QAM-TV-Signale sowohl im Mess- als auch im Spektrum-Modus<\/p>\n<p>&#8211; Identifiziert automatisch alle Signale mit digitaler Modulation SAT, TV und CATV<\/p>\n<p>&#8211; Automatischer Assistent: Signalqualit\u00e4tsanalyse, Kanalsuchlaufspeicherung<\/p>\n<p>&#8211; Barscan TV &amp; CATV Funktion von 10 bis 100 Kan\u00e4len auf einem Bildschirm<\/p>\n<p>&#8211; Buzzer &amp; Noise Margin Echtzeit-Diagramm f\u00fcr digitale Signale Mikrounterbrechungen<\/p>\n<p>&#8211; Reflektometrische Messungen APP<\/p><p>&#8211; IPTV Analyzer<\/p>\n<p>&#8211; TS Recorder f\u00fcr Aufzeichnung auf USB Stick<\/p>\n<p>&#8211; WI-FI-Analysator<\/p>\n<p>&#8211; HEVC H265 Decoder<\/p>\n<p>&#8211; SATELITE: DiSEqC, SCR &amp; dCSS, SAT FINDER &amp; SAT EXPERT Funktionen<\/p>\n<p>&#8211; Benutzerdefinierte Kanalpl\u00e4ne: 25 (199 Kan\u00e4le pro Plan), Programmierbare TV, SAT (oder kombinierte TV\/SAT) \u00fcber PC oder lokale Tastatur<\/p>\n<p>&#8211; Logger: TV, SAT &amp; kombiniert mit Stop &amp; Go Funktion<\/p>\n<p>&#8211; SAT-Speicherplan: Mehr als 2.000 vorgespeicherte Transponder f\u00fcr weltweite Satelliten<\/p>\n<p>&#8211; LAN-Kabel-Tester<\/p>\n<p>&#8211; IP-Kamera-Tester<\/p>\n<p><strong>SPEZIFIKATIONEN: MESSUNGEN, SPEKTRUMANALYSE &amp; BILDER<\/strong><\/p>\n<p>&#8211; Frequenzbereich: 30-2700 MHz<\/p>\n<p>&#8211; Frequenzaufl\u00f6sung: TV &amp; CATV: 25 KHz; SAT: 5 MHz<\/p>\n<p>&#8211; Leistungsmessbereich: von 5 bis 120 dB\u00b5V<\/p>\n<p>&#8211; Digitale Messungen: Digitale Leistung, MER (36 bis 40 dB max. je nach Modulation), BER, PER, LDPC, BCH, Rauschspanne, MER gegen CARRIER<\/p>\n<p>&#8211; Aufl\u00f6sung der Messung: 0,1 dB<\/p>\n<p>&#8211; Pegelmessgenauigkeit: 1 dB typisch (2 dB max.)<\/p>\n<p>&#8211; Aufl\u00f6sung Filterbandbreite: TV &amp; CATV: 100 KHz @ -3 dB; SAT: 1 MHz @ -3 dB<\/p>\n<p>&#8211; Konstellation: f\u00fcr TV\/CATV- und SAT-Signale<\/p>\n<p>&#8211; Spektrum: Schnelles Spektrum, Max Hold und Spektrumsspeicherung mit Echtzeit-Vergleichsfunktion<\/p>\n<p>&#8211; Net-id an Bord: Net-id, NID, TSID, LCN, SAT Orbit Position<\/p>\n<p>&#8211; Echos, Vor-Echos, Mikro-Echos: Darstellung in Echtzeit<\/p>\n<p>&#8211; Qualit\u00e4t: Digitaler Auto-Qualit\u00e4tstest: PASS-MARGINAL-FAIL<\/p>\n<p>&#8211; Digitale Bilder: MPEG2-4 SD &amp; HD, HEVC Bilder mit Programmliste, Audio Video PIDs, LCN, Video bit<\/p>\n<p>Rate alles auf einem Bildschirm<\/p>\n<p>&#8211; Audio: AAC mitgeliefert, DOLBY AC3 DD+<\/p>\n<p><strong>&nbsp;<\/strong><\/p>\n<p><strong>OPTISCHE MESSUNGEN (Option)<\/strong><\/p>\n<p>&#8211; Maximale Eingangsleistung: 5 dBm<\/p>\n<p>&#8211; SC-Eingangsanschluss<\/p>\n<p>&#8211; Automatische Verlustberechnung<\/p>\n<p>&#8211; Wellenl\u00e4ngen (nm): 1310, 1490, 1550<\/p>\n<p>&#8211; Bereich: -25 bis +6 dBm<\/p>\n<p>&#8211; Aufl\u00f6sung: 0,1 dB<\/p>\n<p>&#8211; Messgenauigkeit: +\/- 0,5 dB<\/p>\n<p>&#8211; Optisch-RF-Umwandlung: SAT, TV &amp; CATV-Messungen und Spektrum<\/p>\n<p><strong>KOMM. ANSCHL\u00dcSSE UND AUSG\u00c4NGE<\/strong><\/p>\n<p>&#8211; RF-Eingang: 75 Ohm (austauschbar \u201eF\u201c)<\/p>\n<p>&#8211; SC-Optik-Eingang (opt.)<\/p>\n<p>&#8211; USB 2.0: 2 x Typ B<\/p>\n<p>&#8211; LAN: ETHERNET Gbit<\/p>\n<p>&#8211; WIFI: 2,4 &amp; 5,0 GHz Analyzer<\/p>\n<p><strong>&nbsp;<\/strong><\/p>\n<p><strong>ALLGEMEINE SPEZIFIKATIONEN<\/strong><\/p>\n<p>&#8211; 9\u201c TFT-TOUCH-Display: 16:9 hohe Aufl\u00f6sung und hohe Helligkeit. Kapazitives Industrie-Display<\/p>\n<p>&#8211; Gleichspannung am RF-Eingang: 5 &#8211; 12 &#8211; 18 &#8211; 24 V, DC DiSEqC, SCR &amp; dCSS Befehle<\/p>\n<p>&#8211; PC-Schnittstelle: USB-B<\/p>\n<p>&#8211; Front-Panel: Alphanumerisches Tastenfeld + Multifunktions-Encoder<\/p>\n<p>&#8211; Stromsparen: TFT-Hintergrundbeleuchtung Timer, Helligkeitsanpassung<\/p>\n<p>&#8211; PC-Verwaltung: WEB Browser (keine spezielle SW erforderlich)<\/p>\n<p>&#8211; Stromversorgung: Eingebauter LiPo-Akku mit 2 bis 4 Stunden Laufzeit (je nach Funktion) &amp; Batterietestfunktion<\/p>\n<p>&#8211; Batterie: Integrierte Lithium-Polymere mit 2 bis 4 Stunden Laufzeit (je nach Funktion) und<\/p>\n<p>BATTERIE-TEST-Funktion<\/p>\n<p>&#8211; Batterieklappe: abnehmbare Batterieklappe f\u00fcr einen schnellen und einfachen Austausch ohne fremde Hilfe<\/p>\n<p>&#8211; Gewicht: nur 2,0 Kg<\/p>\n<p>&#8211; Gr\u00f6\u00dfe: H 28,0 x B 18,0 x T 4,0 cm (nur Messger\u00e4t)<\/p>\n<p>&#8211; Geh\u00e4use aus Aluminium und Stahl<\/p>\n<p><strong>OPTIONALE FUNKTIONEN<\/strong><\/p><p>&#8211; Optischer Eingang (HW)<\/p><p>&#8211; DAB &amp; DAB+ (HW)<\/p>\n<p>&#8211; Radio FM (HW)<\/p>\n<p>&#8211; UHD GPS (HW)<\/p>\n<p><strong>&nbsp;<\/strong><\/p>\n<p><strong>ENTHALTENE HAUPTMERKMALE <\/strong><\/p>\n<p>&#8211; PC-basierte Verwaltungs-SW<\/p><p>&#8211; WI-FI-Analysator (HW)<\/p>\n<p>&#8211; HEVC Bilder<\/p>\n<p>&#8211; IPTV (SW)<\/p>\n<p>&#8211; TV &amp; SAT-Messungen<\/p>\n<p>&#8211; TS Recorder f\u00fcr Aufzeichnung auf USB Stick<\/p>\n<p>&#8211; LAN-Tester<\/p>\n<p>&#8211; IP Kamera Tester<\/p>\n<p>&#8211; LAN-Fernbedienung<\/p>\n<p>ANMERKUNG:<\/p>\n<p>1 Einige Optionen m\u00fcssen bei der Bestellung des Ger\u00e4ts angefordert werden.<\/p>\n<p>2 Merkmale und Funktionen k\u00f6nnen sich ohne Vorank\u00fcndigung \u00e4ndern.<\/p>\n<p>\u00c4nderungen\/Irrt\u00fcmer vorbehalten!<\/p>\t\t\t\t\t\t\t\t<\/div>\n\t\t\t\t<\/div>\n\t\t\t\t\t<\/div>\n\t\t<\/div>\n\t\t\t\t\t<\/div>\n\t\t<\/section>\n\t\t\t\t<\/div>\n\t\t","protected":false},"excerpt":{"rendered":"<p>Technische Daten EXA 9 EXA 9 BESONDERE FUNKTIONEN &#8211; PC-basierte Schnellnavigation &#8211; NEU Intuitives Navigationssystem mit direktem Zugriff auf die Funktionen &#8211; Exklusives, patentiertes ROVER AUTODISCOVERY System: automatische Erkennung und Auswahl von analogen und digitalen COFDM\/QAM-TV-Signale sowohl im Mess- als auch im Spektrum-Modus &#8211; Identifiziert automatisch alle Signale mit digitaler Modulation SAT, TV und CATV &#8211; Automatischer Assistent: Signalqualit\u00e4tsanalyse, Kanalsuchlaufspeicherung &#8211; Barscan TV &amp; CATV Funktion von 10 bis 100 Kan\u00e4len auf einem Bildschirm &#8211; Buzzer &amp; Noise Margin Echtzeit-Diagramm f\u00fcr digitale Signale Mikrounterbrechungen &#8211; Reflektometrische Messungen APP &#8211; IPTV Analyzer &#8211; TS Recorder f\u00fcr Aufzeichnung auf USB Stick &#8211; WI-FI-Analysator &#8211; HEVC H265 Decoder &#8211; SATELITE: DiSEqC, SCR &amp; dCSS, SAT FINDER &amp; SAT EXPERT Funktionen &#8211; Benutzerdefinierte Kanalpl\u00e4ne: 25 (199 Kan\u00e4le pro Plan), Programmierbare TV, SAT (oder kombinierte TV\/SAT) \u00fcber PC oder lokale Tastatur &#8211; Logger: TV, SAT &amp; kombiniert mit Stop &amp; Go Funktion &#8211; SAT-Speicherplan: Mehr als 2.000 vorgespeicherte Transponder f\u00fcr weltweite Satelliten &#8211; LAN-Kabel-Tester &#8211; IP-Kamera-Tester SPEZIFIKATIONEN: MESSUNGEN, SPEKTRUMANALYSE &amp; BILDER &#8211; Frequenzbereich: 30-2700 MHz &#8211; Frequenzaufl\u00f6sung: TV &amp; CATV: 25 KHz; SAT: 5 MHz &#8211; Leistungsmessbereich: von 5 bis 120 dB\u00b5V &#8211; Digitale Messungen: Digitale Leistung, MER (36 bis 40 dB max. je nach Modulation), BER, PER, LDPC, BCH, Rauschspanne, MER gegen CARRIER &#8211; Aufl\u00f6sung der Messung: 0,1 dB &#8211; Pegelmessgenauigkeit: 1 dB typisch (2 dB max.) &#8211; Aufl\u00f6sung Filterbandbreite: TV &amp; CATV: 100 KHz @ -3 dB; SAT: 1 MHz @ -3 dB &#8211; Konstellation: f\u00fcr TV\/CATV- und SAT-Signale &#8211; Spektrum: Schnelles Spektrum, Max Hold und Spektrumsspeicherung mit Echtzeit-Vergleichsfunktion &#8211; Net-id an Bord: Net-id, NID, TSID, LCN, SAT Orbit Position &#8211; Echos, Vor-Echos, Mikro-Echos: Darstellung in Echtzeit &#8211; Qualit\u00e4t: Digitaler Auto-Qualit\u00e4tstest: PASS-MARGINAL-FAIL &#8211; Digitale Bilder: MPEG2-4 SD &amp; HD, HEVC Bilder mit Programmliste, Audio Video PIDs, LCN, Video bit Rate alles auf einem Bildschirm &#8211; Audio: AAC mitgeliefert, DOLBY AC3 DD+ &nbsp; OPTISCHE MESSUNGEN (Option) &#8211; Maximale Eingangsleistung: 5 dBm &#8211; SC-Eingangsanschluss &#8211; Automatische Verlustberechnung &#8211; Wellenl\u00e4ngen (nm): 1310, 1490, 1550 &#8211; Bereich: -25 bis +6 dBm &#8211; Aufl\u00f6sung: 0,1 dB &#8211; Messgenauigkeit: +\/- 0,5 dB &#8211; Optisch-RF-Umwandlung: SAT, TV &amp; CATV-Messungen und Spektrum KOMM. ANSCHL\u00dcSSE UND AUSG\u00c4NGE &#8211; RF-Eingang: 75 Ohm (austauschbar \u201eF\u201c) &#8211; SC-Optik-Eingang (opt.) &#8211; USB 2.0: 2 x Typ B &#8211; LAN: ETHERNET Gbit &#8211; WIFI: 2,4 &amp; 5,0 GHz Analyzer &nbsp; ALLGEMEINE SPEZIFIKATIONEN &#8211; 9\u201c TFT-TOUCH-Display: 16:9 hohe Aufl\u00f6sung und hohe Helligkeit. Kapazitives Industrie-Display &#8211; Gleichspannung am RF-Eingang: 5 &#8211; 12 &#8211; 18 &#8211; 24 V, DC DiSEqC, SCR &amp; dCSS Befehle &#8211; PC-Schnittstelle: USB-B &#8211; Front-Panel: Alphanumerisches Tastenfeld + Multifunktions-Encoder &#8211; Stromsparen: TFT-Hintergrundbeleuchtung Timer, Helligkeitsanpassung &#8211; PC-Verwaltung: WEB Browser (keine spezielle SW erforderlich) &#8211; Stromversorgung: Eingebauter LiPo-Akku mit 2 bis 4 Stunden Laufzeit (je nach Funktion) &amp; Batterietestfunktion &#8211; Batterie: Integrierte Lithium-Polymere mit 2 bis 4 Stunden Laufzeit (je nach Funktion) und BATTERIE-TEST-Funktion &#8211; Batterieklappe: abnehmbare Batterieklappe f\u00fcr einen schnellen und einfachen Austausch ohne fremde Hilfe &#8211; Gewicht: nur 2,0 Kg &#8211; Gr\u00f6\u00dfe: H 28,0 x B 18,0 x T 4,0 cm (nur Messger\u00e4t) &#8211; Geh\u00e4use aus Aluminium und Stahl OPTIONALE FUNKTIONEN &#8211; Optischer Eingang (HW) &#8211; DAB &amp; DAB+ (HW) &#8211; Radio FM (HW) &#8211; UHD GPS (HW) &nbsp; ENTHALTENE HAUPTMERKMALE &#8211; PC-basierte Verwaltungs-SW &#8211; WI-FI-Analysator (HW) &#8211; HEVC Bilder &#8211; IPTV (SW) &#8211; TV &amp; SAT-Messungen &#8211; TS Recorder f\u00fcr Aufzeichnung auf USB Stick &#8211; LAN-Tester &#8211; IP Kamera Tester &#8211; LAN-Fernbedienung ANMERKUNG: 1 Einige Optionen m\u00fcssen bei der Bestellung des Ger\u00e4ts angefordert werden. 2 Merkmale und Funktionen k\u00f6nnen sich ohne Vorank\u00fcndigung \u00e4ndern. \u00c4nderungen\/Irrt\u00fcmer vorbehalten!<\/p>\n","protected":false},"author":1,"featured_media":0,"parent":0,"menu_order":0,"comment_status":"closed","ping_status":"closed","template":"","meta":{"footnotes":""},"class_list":["post-4447","page","type-page","status-publish","hentry"],"yoast_head":"<!-- This site is optimized with the Yoast SEO plugin v26.9 - https:\/\/yoast.com\/product\/yoast-seo-wordpress\/ -->\n<title>Technische Daten EXA 9 - ROVER Instruments<\/title>\n<meta name=\"description\" content=\"Technische Daten EXA 7 mit allen derzeit aktuellen Werten der Messger\u00e4te ROVER INSTRUMENTS KREILING TECHNOLOGIEN\" \/>\n<meta name=\"robots\" content=\"index, follow, max-snippet:-1, max-image-preview:large, max-video-preview:-1\" \/>\n<link rel=\"canonical\" href=\"https:\/\/www.rover-instruments.de\/index.php\/technische-daten-exa-9\/\" \/>\n<meta property=\"og:locale\" content=\"de_DE\" \/>\n<meta property=\"og:type\" content=\"article\" \/>\n<meta property=\"og:title\" content=\"Technische Daten EXA 9 - ROVER Instruments\" \/>\n<meta property=\"og:description\" content=\"Technische Daten EXA 7 mit allen derzeit aktuellen Werten der Messger\u00e4te ROVER INSTRUMENTS KREILING TECHNOLOGIEN\" \/>\n<meta property=\"og:url\" content=\"https:\/\/www.rover-instruments.de\/index.php\/technische-daten-exa-9\/\" \/>\n<meta property=\"og:site_name\" content=\"ROVER Instruments\" \/>\n<meta property=\"article:modified_time\" content=\"2026-01-14T10:55:36+00:00\" \/>\n<meta name=\"twitter:card\" content=\"summary_large_image\" \/>\n<meta name=\"twitter:label1\" content=\"Gesch\u00e4tzte Lesezeit\" \/>\n\t<meta name=\"twitter:data1\" content=\"3\u00a0Minuten\" \/>\n<script type=\"application\/ld+json\" class=\"yoast-schema-graph\">{\"@context\":\"https:\/\/schema.org\",\"@graph\":[{\"@type\":\"WebPage\",\"@id\":\"https:\/\/www.rover-instruments.de\/index.php\/technische-daten-exa-9\/\",\"url\":\"https:\/\/www.rover-instruments.de\/index.php\/technische-daten-exa-9\/\",\"name\":\"Technische Daten EXA 9 - ROVER Instruments\",\"isPartOf\":{\"@id\":\"https:\/\/www.rover-instruments.de\/#website\"},\"datePublished\":\"2026-01-14T10:51:31+00:00\",\"dateModified\":\"2026-01-14T10:55:36+00:00\",\"description\":\"Technische Daten EXA 7 mit allen derzeit aktuellen Werten der Messger\u00e4te ROVER INSTRUMENTS KREILING TECHNOLOGIEN\",\"breadcrumb\":{\"@id\":\"https:\/\/www.rover-instruments.de\/index.php\/technische-daten-exa-9\/#breadcrumb\"},\"inLanguage\":\"de\",\"potentialAction\":[{\"@type\":\"ReadAction\",\"target\":[\"https:\/\/www.rover-instruments.de\/index.php\/technische-daten-exa-9\/\"]}]},{\"@type\":\"BreadcrumbList\",\"@id\":\"https:\/\/www.rover-instruments.de\/index.php\/technische-daten-exa-9\/#breadcrumb\",\"itemListElement\":[{\"@type\":\"ListItem\",\"position\":1,\"name\":\"Startseite\",\"item\":\"https:\/\/www.rover-instruments.de\/\"},{\"@type\":\"ListItem\",\"position\":2,\"name\":\"Technische Daten EXA 9\"}]},{\"@type\":\"WebSite\",\"@id\":\"https:\/\/www.rover-instruments.de\/#website\",\"url\":\"https:\/\/www.rover-instruments.de\/\",\"name\":\"ROVER Instruments\",\"description\":\"Messger\u00e4te f\u00fcr Satellit, Kabel, Terrestrik\",\"publisher\":{\"@id\":\"https:\/\/www.rover-instruments.de\/#organization\"},\"potentialAction\":[{\"@type\":\"SearchAction\",\"target\":{\"@type\":\"EntryPoint\",\"urlTemplate\":\"https:\/\/www.rover-instruments.de\/?s={search_term_string}\"},\"query-input\":{\"@type\":\"PropertyValueSpecification\",\"valueRequired\":true,\"valueName\":\"search_term_string\"}}],\"inLanguage\":\"de\"},{\"@type\":\"Organization\",\"@id\":\"https:\/\/www.rover-instruments.de\/#organization\",\"name\":\"Rover Instruments\",\"url\":\"https:\/\/www.rover-instruments.de\/\",\"logo\":{\"@type\":\"ImageObject\",\"inLanguage\":\"de\",\"@id\":\"https:\/\/www.rover-instruments.de\/#\/schema\/logo\/image\/\",\"url\":\"https:\/\/rover-instruments.de\/wp-content\/uploads\/2022\/05\/logo-ROVER-Instruments-512.jpg\",\"contentUrl\":\"https:\/\/rover-instruments.de\/wp-content\/uploads\/2022\/05\/logo-ROVER-Instruments-512.jpg\",\"width\":512,\"height\":182,\"caption\":\"Rover Instruments\"},\"image\":{\"@id\":\"https:\/\/www.rover-instruments.de\/#\/schema\/logo\/image\/\"}}]}<\/script>\n<!-- \/ Yoast SEO plugin. -->","yoast_head_json":{"title":"Technische Daten EXA 9 - ROVER Instruments","description":"Technische Daten EXA 7 mit allen derzeit aktuellen Werten der Messger\u00e4te ROVER INSTRUMENTS KREILING TECHNOLOGIEN","robots":{"index":"index","follow":"follow","max-snippet":"max-snippet:-1","max-image-preview":"max-image-preview:large","max-video-preview":"max-video-preview:-1"},"canonical":"https:\/\/www.rover-instruments.de\/index.php\/technische-daten-exa-9\/","og_locale":"de_DE","og_type":"article","og_title":"Technische Daten EXA 9 - ROVER Instruments","og_description":"Technische Daten EXA 7 mit allen derzeit aktuellen Werten der Messger\u00e4te ROVER INSTRUMENTS KREILING TECHNOLOGIEN","og_url":"https:\/\/www.rover-instruments.de\/index.php\/technische-daten-exa-9\/","og_site_name":"ROVER Instruments","article_modified_time":"2026-01-14T10:55:36+00:00","twitter_card":"summary_large_image","twitter_misc":{"Gesch\u00e4tzte Lesezeit":"3\u00a0Minuten"},"schema":{"@context":"https:\/\/schema.org","@graph":[{"@type":"WebPage","@id":"https:\/\/www.rover-instruments.de\/index.php\/technische-daten-exa-9\/","url":"https:\/\/www.rover-instruments.de\/index.php\/technische-daten-exa-9\/","name":"Technische Daten EXA 9 - ROVER Instruments","isPartOf":{"@id":"https:\/\/www.rover-instruments.de\/#website"},"datePublished":"2026-01-14T10:51:31+00:00","dateModified":"2026-01-14T10:55:36+00:00","description":"Technische Daten EXA 7 mit allen derzeit aktuellen Werten der Messger\u00e4te ROVER INSTRUMENTS KREILING TECHNOLOGIEN","breadcrumb":{"@id":"https:\/\/www.rover-instruments.de\/index.php\/technische-daten-exa-9\/#breadcrumb"},"inLanguage":"de","potentialAction":[{"@type":"ReadAction","target":["https:\/\/www.rover-instruments.de\/index.php\/technische-daten-exa-9\/"]}]},{"@type":"BreadcrumbList","@id":"https:\/\/www.rover-instruments.de\/index.php\/technische-daten-exa-9\/#breadcrumb","itemListElement":[{"@type":"ListItem","position":1,"name":"Startseite","item":"https:\/\/www.rover-instruments.de\/"},{"@type":"ListItem","position":2,"name":"Technische Daten EXA 9"}]},{"@type":"WebSite","@id":"https:\/\/www.rover-instruments.de\/#website","url":"https:\/\/www.rover-instruments.de\/","name":"ROVER Instruments","description":"Messger\u00e4te f\u00fcr Satellit, Kabel, Terrestrik","publisher":{"@id":"https:\/\/www.rover-instruments.de\/#organization"},"potentialAction":[{"@type":"SearchAction","target":{"@type":"EntryPoint","urlTemplate":"https:\/\/www.rover-instruments.de\/?s={search_term_string}"},"query-input":{"@type":"PropertyValueSpecification","valueRequired":true,"valueName":"search_term_string"}}],"inLanguage":"de"},{"@type":"Organization","@id":"https:\/\/www.rover-instruments.de\/#organization","name":"Rover Instruments","url":"https:\/\/www.rover-instruments.de\/","logo":{"@type":"ImageObject","inLanguage":"de","@id":"https:\/\/www.rover-instruments.de\/#\/schema\/logo\/image\/","url":"https:\/\/rover-instruments.de\/wp-content\/uploads\/2022\/05\/logo-ROVER-Instruments-512.jpg","contentUrl":"https:\/\/rover-instruments.de\/wp-content\/uploads\/2022\/05\/logo-ROVER-Instruments-512.jpg","width":512,"height":182,"caption":"Rover Instruments"},"image":{"@id":"https:\/\/www.rover-instruments.de\/#\/schema\/logo\/image\/"}}]}},"_links":{"self":[{"href":"https:\/\/www.rover-instruments.de\/index.php\/wp-json\/wp\/v2\/pages\/4447","targetHints":{"allow":["GET"]}}],"collection":[{"href":"https:\/\/www.rover-instruments.de\/index.php\/wp-json\/wp\/v2\/pages"}],"about":[{"href":"https:\/\/www.rover-instruments.de\/index.php\/wp-json\/wp\/v2\/types\/page"}],"author":[{"embeddable":true,"href":"https:\/\/www.rover-instruments.de\/index.php\/wp-json\/wp\/v2\/users\/1"}],"replies":[{"embeddable":true,"href":"https:\/\/www.rover-instruments.de\/index.php\/wp-json\/wp\/v2\/comments?post=4447"}],"version-history":[{"count":4,"href":"https:\/\/www.rover-instruments.de\/index.php\/wp-json\/wp\/v2\/pages\/4447\/revisions"}],"predecessor-version":[{"id":4451,"href":"https:\/\/www.rover-instruments.de\/index.php\/wp-json\/wp\/v2\/pages\/4447\/revisions\/4451"}],"wp:attachment":[{"href":"https:\/\/www.rover-instruments.de\/index.php\/wp-json\/wp\/v2\/media?parent=4447"}],"curies":[{"name":"wp","href":"https:\/\/api.w.org\/{rel}","templated":true}]}}