{"id":46,"date":"2022-05-04T12:27:37","date_gmt":"2022-05-04T10:27:37","guid":{"rendered":"https:\/\/rover-instruments.de\/wordpress\/?page_id=46"},"modified":"2026-02-19T12:15:54","modified_gmt":"2026-02-19T11:15:54","slug":"impressum","status":"publish","type":"page","link":"https:\/\/www.rover-instruments.de\/index.php\/impressum\/","title":{"rendered":"Impressum"},"content":{"rendered":"\t\t<div data-elementor-type=\"wp-page\" data-elementor-id=\"46\" class=\"elementor elementor-46\" data-elementor-post-type=\"page\">\n\t\t\t\t\t\t<section class=\"elementor-section elementor-top-section elementor-element elementor-element-ae5c5e9 elementor-section-boxed elementor-section-height-default elementor-section-height-default wpr-particle-no wpr-jarallax-no wpr-parallax-no wpr-sticky-section-no\" data-id=\"ae5c5e9\" data-element_type=\"section\" data-e-type=\"section\">\n\t\t\t\t\t\t<div class=\"elementor-container elementor-column-gap-default\">\n\t\t\t\t\t<div class=\"elementor-column elementor-col-100 elementor-top-column elementor-element elementor-element-b49985f\" data-id=\"b49985f\" data-element_type=\"column\" data-e-type=\"column\">\n\t\t\t<div class=\"elementor-widget-wrap elementor-element-populated\">\n\t\t\t\t\t\t<div class=\"elementor-element elementor-element-b331895 elementor-widget elementor-widget-spacer\" data-id=\"b331895\" data-element_type=\"widget\" data-e-type=\"widget\" data-widget_type=\"spacer.default\">\n\t\t\t\t<div class=\"elementor-widget-container\">\n\t\t\t\t\t\t\t<div class=\"elementor-spacer\">\n\t\t\t<div class=\"elementor-spacer-inner\"><\/div>\n\t\t<\/div>\n\t\t\t\t\t\t<\/div>\n\t\t\t\t<\/div>\n\t\t\t\t\t<\/div>\n\t\t<\/div>\n\t\t\t\t\t<\/div>\n\t\t<\/section>\n\t\t\t\t<section class=\"elementor-section elementor-top-section elementor-element elementor-element-7cda9b8 elementor-section-boxed elementor-section-height-default elementor-section-height-default wpr-particle-no wpr-jarallax-no wpr-parallax-no wpr-sticky-section-no\" data-id=\"7cda9b8\" data-element_type=\"section\" data-e-type=\"section\">\n\t\t\t\t\t\t<div class=\"elementor-container elementor-column-gap-default\">\n\t\t\t\t\t<div class=\"elementor-column elementor-col-100 elementor-top-column elementor-element elementor-element-6a951fe\" data-id=\"6a951fe\" data-element_type=\"column\" data-e-type=\"column\">\n\t\t\t<div class=\"elementor-widget-wrap elementor-element-populated\">\n\t\t\t\t\t\t<div class=\"elementor-element elementor-element-f4adbdc elementor-widget elementor-widget-heading\" data-id=\"f4adbdc\" data-element_type=\"widget\" data-e-type=\"widget\" data-widget_type=\"heading.default\">\n\t\t\t\t<div class=\"elementor-widget-container\">\n\t\t\t\t\t<h2 class=\"elementor-heading-title elementor-size-default\">IMPRESSUM<\/h2>\t\t\t\t<\/div>\n\t\t\t\t<\/div>\n\t\t\t\t\t<\/div>\n\t\t<\/div>\n\t\t\t\t\t<\/div>\n\t\t<\/section>\n\t\t\t\t<section class=\"elementor-section elementor-top-section elementor-element elementor-element-2ac48fe elementor-section-boxed elementor-section-height-default elementor-section-height-default wpr-particle-no wpr-jarallax-no wpr-parallax-no wpr-sticky-section-no\" data-id=\"2ac48fe\" data-element_type=\"section\" data-e-type=\"section\">\n\t\t\t\t\t\t<div class=\"elementor-container elementor-column-gap-default\">\n\t\t\t\t\t<div class=\"elementor-column elementor-col-100 elementor-top-column elementor-element elementor-element-0432060\" data-id=\"0432060\" data-element_type=\"column\" data-e-type=\"column\">\n\t\t\t<div class=\"elementor-widget-wrap elementor-element-populated\">\n\t\t\t\t\t\t<div class=\"elementor-element elementor-element-106a2c7 elementor-widget elementor-widget-text-editor\" data-id=\"106a2c7\" data-element_type=\"widget\" data-e-type=\"widget\" data-widget_type=\"text-editor.default\">\n\t\t\t\t<div class=\"elementor-widget-container\">\n\t\t\t\t\t\t\t\t\t<p>Die KREILING Industrievertretungen GmbH ist eingetragen beim<br \/>Registergericht Lemgo unter HRB 3065.<br \/>Gesch\u00e4ftsf\u00fchrer: Frank Kreiling<br \/>Umsatzsteuer ID: DE 215 430 022<\/p><p>Kontaktadresse bei Fragen und Anregungen:<br \/>Verwaltung und Sitz<\/p><p>KREILING Industrievertretungen GmbH<br \/>Gewerbegebiet Asemissen<br \/>Westring 75<br \/>33818 Leopoldsh\u00f6he<br \/>Tel.: (0 52 02) 98 78- 0<br \/><br \/>E-Mail: kreiling@kreiling-ind.de<\/p><p>Inhaltlich Verantwortlich: Frank Kreiling, Westring 75, 33818 Leopoldsh\u00f6he<\/p><p>Das Werk einschlie\u00dflich aller Teile ist urheberrechtlich gesch\u00fctzt. Jede Verwertung au\u00dferhalb der engen Grenzen des Urheberrechts ist ohne Zustimmung der KREILING Industrievertretungen GmbH unzul\u00e4ssig und strafbar. Das gilt insbesondere f\u00fcr Vervielf\u00e4ltigung, \u00dcbersetzungen, Mikroverfilmungen und die Einspeicherung und Verarbeitung in elektronischen Systemen. Die in diesem Programm enthaltenen Informationen und Links zu anderen Internetprogrammen sind mit keiner Verpflichtung oder Garantie irgendeiner Art verbunden. Die KREILING Industrievertretungen GmbH \u00fcbernimmt folglich keine Verantwortung und wird keine daraus folgende oder sonstige Haftung \u00fcbernehmen, die auf irgendeine Art aus der Benutzung dieser Informationen oder Teilen hieraus besteht.<br \/>Firmenzeichen und Warenzeichen<\/p><p>Die Verwendung eines Waren- und Firmenzeichen sowie Produktbezeichnungen sind kein Hinweis auf die freie Verwendbarkeit desselben, sondern die Bezeichnungen unterliegen in der Regel marken-, patent- oder warenzeichenrechtlichem Schutz. Das Programm folgt bei den Produktbezeichnungen im wesentlichen den Schreibweisen der Hersteller.<br \/>Alle Informationen zu Produkten und Unternehmen wurden von den Unternehmen zur Verf\u00fcgung gestellt und werden ohne Ver\u00e4nderungen ver\u00f6ffentlicht. Aus diesem Grund kann auch keine Haftung f\u00fcr etwaige Verletzungen geltenden Rechts \u00fcbernommen werden. Wenden Sie sich in solch einem Fall bitte direkt an das Unternehmen.<\/p><p>KREILING Industrievertretungen GMBH \u2022 Westring 75 \u2022 Telefon: 05202 \/ 98 78-0<\/p>\t\t\t\t\t\t\t\t<\/div>\n\t\t\t\t<\/div>\n\t\t\t\t\t<\/div>\n\t\t<\/div>\n\t\t\t\t\t<\/div>\n\t\t<\/section>\n\t\t\t\t<\/div>\n\t\t","protected":false},"excerpt":{"rendered":"<p>IMPRESSUM Die KREILING Industrievertretungen GmbH ist eingetragen beimRegistergericht Lemgo unter HRB 3065.Gesch\u00e4ftsf\u00fchrer: Frank KreilingUmsatzsteuer ID: DE 215 430 022 Kontaktadresse bei Fragen und Anregungen:Verwaltung und Sitz KREILING Industrievertretungen GmbHGewerbegebiet AsemissenWestring 7533818 Leopoldsh\u00f6heTel.: (0 52 02) 98 78- 0 E-Mail: kreiling@kreiling-ind.de Inhaltlich Verantwortlich: Frank Kreiling, Westring 75, 33818 Leopoldsh\u00f6he Das Werk einschlie\u00dflich aller Teile ist urheberrechtlich gesch\u00fctzt. Jede Verwertung au\u00dferhalb der engen Grenzen des Urheberrechts ist ohne Zustimmung der KREILING Industrievertretungen GmbH unzul\u00e4ssig und strafbar. Das gilt insbesondere f\u00fcr Vervielf\u00e4ltigung, \u00dcbersetzungen, Mikroverfilmungen und die Einspeicherung und Verarbeitung in elektronischen Systemen. Die in diesem Programm enthaltenen Informationen und Links zu anderen Internetprogrammen sind mit keiner Verpflichtung oder Garantie irgendeiner Art verbunden. Die KREILING Industrievertretungen GmbH \u00fcbernimmt folglich keine Verantwortung und wird keine daraus folgende oder sonstige Haftung \u00fcbernehmen, die auf irgendeine Art aus der Benutzung dieser Informationen oder Teilen hieraus besteht.Firmenzeichen und Warenzeichen Die Verwendung eines Waren- und Firmenzeichen sowie Produktbezeichnungen sind kein Hinweis auf die freie Verwendbarkeit desselben, sondern die Bezeichnungen unterliegen in der Regel marken-, patent- oder warenzeichenrechtlichem Schutz. Das Programm folgt bei den Produktbezeichnungen im wesentlichen den Schreibweisen der Hersteller.Alle Informationen zu Produkten und Unternehmen wurden von den Unternehmen zur Verf\u00fcgung gestellt und werden ohne Ver\u00e4nderungen ver\u00f6ffentlicht. Aus diesem Grund kann auch keine Haftung f\u00fcr etwaige Verletzungen geltenden Rechts \u00fcbernommen werden. Wenden Sie sich in solch einem Fall bitte direkt an das Unternehmen. KREILING Industrievertretungen GMBH \u2022 Westring 75 \u2022 Telefon: 05202 \/ 98 78-0<\/p>\n","protected":false},"author":1,"featured_media":0,"parent":0,"menu_order":0,"comment_status":"closed","ping_status":"closed","template":"","meta":{"footnotes":""},"class_list":["post-46","page","type-page","status-publish","hentry"],"yoast_head":"<!-- This site is optimized with the Yoast SEO plugin v26.9 - https:\/\/yoast.com\/product\/yoast-seo-wordpress\/ -->\n<title>Impressum - ROVER Instruments<\/title>\n<meta name=\"description\" content=\"Impressum ROVER Instruments KREILING TECHNOLOGIEN GMBH LEOPOLDSH\u00d6HE deutscher Distributor f\u00fcr Rover Messger\u00e4te\" \/>\n<meta name=\"robots\" content=\"index, follow, max-snippet:-1, max-image-preview:large, max-video-preview:-1\" \/>\n<link rel=\"canonical\" href=\"https:\/\/www.rover-instruments.de\/index.php\/impressum\/\" \/>\n<meta property=\"og:locale\" content=\"de_DE\" \/>\n<meta property=\"og:type\" content=\"article\" \/>\n<meta property=\"og:title\" content=\"Impressum - ROVER Instruments\" \/>\n<meta property=\"og:description\" content=\"Impressum ROVER Instruments KREILING TECHNOLOGIEN GMBH LEOPOLDSH\u00d6HE deutscher Distributor f\u00fcr Rover Messger\u00e4te\" \/>\n<meta property=\"og:url\" content=\"https:\/\/www.rover-instruments.de\/index.php\/impressum\/\" \/>\n<meta property=\"og:site_name\" content=\"ROVER Instruments\" \/>\n<meta property=\"article:modified_time\" content=\"2026-02-19T11:15:54+00:00\" \/>\n<meta name=\"twitter:card\" content=\"summary_large_image\" \/>\n<meta name=\"twitter:label1\" content=\"Gesch\u00e4tzte Lesezeit\" \/>\n\t<meta name=\"twitter:data1\" content=\"2\u00a0Minuten\" \/>\n<script type=\"application\/ld+json\" class=\"yoast-schema-graph\">{\"@context\":\"https:\/\/schema.org\",\"@graph\":[{\"@type\":\"WebPage\",\"@id\":\"https:\/\/www.rover-instruments.de\/index.php\/impressum\/\",\"url\":\"https:\/\/www.rover-instruments.de\/index.php\/impressum\/\",\"name\":\"Impressum - ROVER Instruments\",\"isPartOf\":{\"@id\":\"https:\/\/www.rover-instruments.de\/#website\"},\"datePublished\":\"2022-05-04T10:27:37+00:00\",\"dateModified\":\"2026-02-19T11:15:54+00:00\",\"description\":\"Impressum ROVER Instruments KREILING TECHNOLOGIEN GMBH LEOPOLDSH\u00d6HE deutscher Distributor f\u00fcr Rover Messger\u00e4te\",\"breadcrumb\":{\"@id\":\"https:\/\/www.rover-instruments.de\/index.php\/impressum\/#breadcrumb\"},\"inLanguage\":\"de\",\"potentialAction\":[{\"@type\":\"ReadAction\",\"target\":[\"https:\/\/www.rover-instruments.de\/index.php\/impressum\/\"]}]},{\"@type\":\"BreadcrumbList\",\"@id\":\"https:\/\/www.rover-instruments.de\/index.php\/impressum\/#breadcrumb\",\"itemListElement\":[{\"@type\":\"ListItem\",\"position\":1,\"name\":\"Startseite\",\"item\":\"https:\/\/www.rover-instruments.de\/\"},{\"@type\":\"ListItem\",\"position\":2,\"name\":\"Impressum\"}]},{\"@type\":\"WebSite\",\"@id\":\"https:\/\/www.rover-instruments.de\/#website\",\"url\":\"https:\/\/www.rover-instruments.de\/\",\"name\":\"ROVER Instruments\",\"description\":\"Messger\u00e4te f\u00fcr Satellit, Kabel, Terrestrik\",\"publisher\":{\"@id\":\"https:\/\/www.rover-instruments.de\/#organization\"},\"potentialAction\":[{\"@type\":\"SearchAction\",\"target\":{\"@type\":\"EntryPoint\",\"urlTemplate\":\"https:\/\/www.rover-instruments.de\/?s={search_term_string}\"},\"query-input\":{\"@type\":\"PropertyValueSpecification\",\"valueRequired\":true,\"valueName\":\"search_term_string\"}}],\"inLanguage\":\"de\"},{\"@type\":\"Organization\",\"@id\":\"https:\/\/www.rover-instruments.de\/#organization\",\"name\":\"Rover Instruments\",\"url\":\"https:\/\/www.rover-instruments.de\/\",\"logo\":{\"@type\":\"ImageObject\",\"inLanguage\":\"de\",\"@id\":\"https:\/\/www.rover-instruments.de\/#\/schema\/logo\/image\/\",\"url\":\"https:\/\/rover-instruments.de\/wp-content\/uploads\/2022\/05\/logo-ROVER-Instruments-512.jpg\",\"contentUrl\":\"https:\/\/rover-instruments.de\/wp-content\/uploads\/2022\/05\/logo-ROVER-Instruments-512.jpg\",\"width\":512,\"height\":182,\"caption\":\"Rover Instruments\"},\"image\":{\"@id\":\"https:\/\/www.rover-instruments.de\/#\/schema\/logo\/image\/\"}}]}<\/script>\n<!-- \/ Yoast SEO plugin. -->","yoast_head_json":{"title":"Impressum - ROVER Instruments","description":"Impressum ROVER Instruments KREILING TECHNOLOGIEN GMBH LEOPOLDSH\u00d6HE deutscher Distributor f\u00fcr Rover Messger\u00e4te","robots":{"index":"index","follow":"follow","max-snippet":"max-snippet:-1","max-image-preview":"max-image-preview:large","max-video-preview":"max-video-preview:-1"},"canonical":"https:\/\/www.rover-instruments.de\/index.php\/impressum\/","og_locale":"de_DE","og_type":"article","og_title":"Impressum - ROVER Instruments","og_description":"Impressum ROVER Instruments KREILING TECHNOLOGIEN GMBH LEOPOLDSH\u00d6HE deutscher Distributor f\u00fcr Rover Messger\u00e4te","og_url":"https:\/\/www.rover-instruments.de\/index.php\/impressum\/","og_site_name":"ROVER Instruments","article_modified_time":"2026-02-19T11:15:54+00:00","twitter_card":"summary_large_image","twitter_misc":{"Gesch\u00e4tzte Lesezeit":"2\u00a0Minuten"},"schema":{"@context":"https:\/\/schema.org","@graph":[{"@type":"WebPage","@id":"https:\/\/www.rover-instruments.de\/index.php\/impressum\/","url":"https:\/\/www.rover-instruments.de\/index.php\/impressum\/","name":"Impressum - ROVER Instruments","isPartOf":{"@id":"https:\/\/www.rover-instruments.de\/#website"},"datePublished":"2022-05-04T10:27:37+00:00","dateModified":"2026-02-19T11:15:54+00:00","description":"Impressum ROVER Instruments KREILING TECHNOLOGIEN GMBH LEOPOLDSH\u00d6HE deutscher Distributor f\u00fcr Rover Messger\u00e4te","breadcrumb":{"@id":"https:\/\/www.rover-instruments.de\/index.php\/impressum\/#breadcrumb"},"inLanguage":"de","potentialAction":[{"@type":"ReadAction","target":["https:\/\/www.rover-instruments.de\/index.php\/impressum\/"]}]},{"@type":"BreadcrumbList","@id":"https:\/\/www.rover-instruments.de\/index.php\/impressum\/#breadcrumb","itemListElement":[{"@type":"ListItem","position":1,"name":"Startseite","item":"https:\/\/www.rover-instruments.de\/"},{"@type":"ListItem","position":2,"name":"Impressum"}]},{"@type":"WebSite","@id":"https:\/\/www.rover-instruments.de\/#website","url":"https:\/\/www.rover-instruments.de\/","name":"ROVER Instruments","description":"Messger\u00e4te f\u00fcr Satellit, Kabel, Terrestrik","publisher":{"@id":"https:\/\/www.rover-instruments.de\/#organization"},"potentialAction":[{"@type":"SearchAction","target":{"@type":"EntryPoint","urlTemplate":"https:\/\/www.rover-instruments.de\/?s={search_term_string}"},"query-input":{"@type":"PropertyValueSpecification","valueRequired":true,"valueName":"search_term_string"}}],"inLanguage":"de"},{"@type":"Organization","@id":"https:\/\/www.rover-instruments.de\/#organization","name":"Rover Instruments","url":"https:\/\/www.rover-instruments.de\/","logo":{"@type":"ImageObject","inLanguage":"de","@id":"https:\/\/www.rover-instruments.de\/#\/schema\/logo\/image\/","url":"https:\/\/rover-instruments.de\/wp-content\/uploads\/2022\/05\/logo-ROVER-Instruments-512.jpg","contentUrl":"https:\/\/rover-instruments.de\/wp-content\/uploads\/2022\/05\/logo-ROVER-Instruments-512.jpg","width":512,"height":182,"caption":"Rover Instruments"},"image":{"@id":"https:\/\/www.rover-instruments.de\/#\/schema\/logo\/image\/"}}]}},"_links":{"self":[{"href":"https:\/\/www.rover-instruments.de\/index.php\/wp-json\/wp\/v2\/pages\/46","targetHints":{"allow":["GET"]}}],"collection":[{"href":"https:\/\/www.rover-instruments.de\/index.php\/wp-json\/wp\/v2\/pages"}],"about":[{"href":"https:\/\/www.rover-instruments.de\/index.php\/wp-json\/wp\/v2\/types\/page"}],"author":[{"embeddable":true,"href":"https:\/\/www.rover-instruments.de\/index.php\/wp-json\/wp\/v2\/users\/1"}],"replies":[{"embeddable":true,"href":"https:\/\/www.rover-instruments.de\/index.php\/wp-json\/wp\/v2\/comments?post=46"}],"version-history":[{"count":18,"href":"https:\/\/www.rover-instruments.de\/index.php\/wp-json\/wp\/v2\/pages\/46\/revisions"}],"predecessor-version":[{"id":4696,"href":"https:\/\/www.rover-instruments.de\/index.php\/wp-json\/wp\/v2\/pages\/46\/revisions\/4696"}],"wp:attachment":[{"href":"https:\/\/www.rover-instruments.de\/index.php\/wp-json\/wp\/v2\/media?parent=46"}],"curies":[{"name":"wp","href":"https:\/\/api.w.org\/{rel}","templated":true}]}}